 factors of v.
5, 4271
Let k(s) = -s**3 - 11*s**2 + 546*s - 45. List the prime factors of k(-31).
13, 173
Let m(a) = 7*a**2 - 19*a + 5. Suppose 0 + 4 = 2*h. Suppose h = -4*r + 18. List the prime factors of m(r).
41
List the prime factors of (-83036)/5*(-2460)/984.
2, 20759
Suppose -20*i + 21848 + 1033092 = 0. What are the prime factors of i?
52747
Suppose 11*w - 1015 = 393. Let i = -28 + w. List the prime factors of i.
2, 5
Let v = -971 - -1362. Suppose -3*n + 767 = -x, 0 = 2*n + 4*x - 111 - v. List the prime factors of n.
3, 5, 17
Suppose 28*z - 31037 = 13735. What are the prime factors of z?
3, 13, 41
Suppose -2*k + 32689 = -2*q - 50781, 5*k - 208667 = -3*q. What are the prime factors of k?
2, 7, 11, 271
Let q(d) = -d**3 - d**2 + 5*d + 4. Let b be q(-3). Suppose -2*t + b - 27 = 0. What are the prime factors of ((-48)/t)/(-1*(-2)/50)?
2, 3, 5
What are the prime factors of (-2 + 1775/(-2))*(-438)/657?
593
Let y(r) = 108*r**2 - 5*r + 170. List the prime factors of y(14).
2, 13, 409
Suppose 11*t - 48490 = -12*t - 3*t. What are the prime factors of t?
5, 373
Let o = -206 - -275. Suppose 0 = -73*v + o*v + 2056. What are the prime factors of v?
2, 257
Let v be -3 + ((-9)/3)/(-1). Suppose 20*b = -17 + 77. Suppose b*s - 4*r - 434 = -2*r, -s - 4*r + 126 = v. What are the prime factors of s?
2, 71
Suppose -3*f = 4*g - 0*g - 22441, -2*g - 6*f + 11198 = 0. What are the prime factors of g?
2, 7, 401
Let t(j) = 85*j**2 + 5*j + 35. Let x be t(-3). Suppose -4*f - 5*c = -3101, 5*c - x = -f + 7*c. What are the prime factors of f?
19, 41
Let y = 11344 - 3597. List the prime factors of y.
61, 127
Suppose -10*f = -4*n - 5*f + 110850, 0 = -n + 5*f + 27705. Suppose -64*d + 55165 = -n. List the prime factors of d.
5, 7, 37
Let b = -32 - -44. Suppose -b = n - 5*n. Suppose p = -2*f + 61, -2*f = -n*p - 7*f + 187. List the prime factors of p.
3, 23
Let b = 602 + -587. Suppose -b*x + 46*x = 9207. List the prime factors of x.
3, 11
Let n(b) = -540*b + 12*b**2 + 526*b + 3 - 19 + 3*b**2. What are the prime factors of n(-5)?
3, 11, 13
Let v = -72 + 75. Suppose n = -4, v*n + 5276 = 3*p - 2*n. What are the prime factors of p?
2, 3, 73
Suppose 141554 = 4*f + 99*n - 101*n, -4*f + 141589 = 5*n. List the prime factors of f.
3, 47, 251
Suppose -18*c + 1317 = -2049. Let y = 532 - c. List the prime factors of y.
3, 5, 23
Suppose 4*k + 1018 = -o, 5*o - k = o - 4157. Let b = -522 - o. List the prime factors of b.
2, 3, 43
Suppose -61514 = -2*a + 83*b - 81*b, -b - 6 = 0. List the prime factors of a.
7, 23, 191
Suppose -h + 8 + 9 = -2*r, 4*r + 25 = -h. Let v = 0 - r. Let p = v + 54. What are the prime factors of p?
61
Suppose -5*r + 5*i = -10970, 0 = -6*r + 3*r - 2*i + 6582. Suppose -2788 = -5*b + 2*h + 2745, -2*b - 4*h = -r. List the prime factors of b.
5, 13, 17
Suppose -4*z = 5*i - 0*z - 406, 0 = 3*i - 4*z - 218. Let n(s) = 9*s**2 - 38*s - 106. Let d be n(-3). Let k = d + i. What are the prime factors of k?
167
Let z(d) = 144*d - 61. Let u = -690 + 698. What are the prime factors of z(u)?
1091
Let a = -33367 + 53570. What are the prime factors of a?
89, 227
Let g = 4969 + 5618. List the prime factors of g.
3, 3529
What are the prime factors of (37016/(-49))/(-2)*((-10395)/18)/(-15)?
2, 11, 661
Suppose -8*o = 1067 + 3597. Let m = -310 - o. What are the prime factors of m?
3, 7, 13
List the prime factors of 1195/1 - (-198)/(-22).
2, 593
Let n be (-6 + (-7 - -14))*(0 + 1). Let j(g) = 497*g**2 - 1. Let l be j(n). Suppose 95*v - l = 91*v. What are the prime factors of v?
2, 31
Let x(h) = -h**2 - 20*h - 43. Suppose -677*p - 80 = -672*p. List the prime factors of x(p).
3, 7
Let c = -53 + 55. Let d be 1 - ((c - 5) + 1). Suppose 0 = 4*w - y - 342, -d*w + y + 249 = 4*y. What are the prime factors of w?
5, 17
What are the prime factors of 20/(-5) - ((-18442)/14 - (-32)/112)?
13, 101
Suppose -190337 - 287813 = -73*m. List the prime factors of m.
2, 5, 131
Let s(y) = -16*y - 2. Let j be s(-3). Suppose 4*z - 56 = -2*g, -98*z + 4*g = -101*z + 37. Let o = j + z. What are the prime factors of o?
61
What are the prime factors of (248/16 - 11) + (-1699)/(-2)?
2, 7, 61
Let s = 44 - 42. Suppose -1351 = -11*p + 1509. Suppose s*z = -12 + p. What are the prime factors of z?
2, 31
Let m be 6 + 0 - (6 - (10 + -5)). Suppose -a = -m + 5. Suppose 3*l + 6*l - 351 = a. List the prime factors of l.
3, 13
Suppose -16*d = -17*d + 1. Let y(n) = 49*n**2 + 9*n - 8. Let q be y(d). List the prime factors of 3 + q/(-4)*-6.
2, 3, 13
Suppose g + 2*v - 1 = 0, 12*g - 13*g - v = -4. Suppose -4*o = -5*n - 68, -4*o - 5*n - 6 = -34. Suppose 0 = o*j - g*j - 115. List the prime factors of j.
23
Suppose -2*d = -a + 2811 + 30554, -2*a = 3*d - 66737. List the prime factors of a.
61, 547
Suppose -64 = 24*v - 8*v. Let n(d) = -7*d**2 - d + 6. Let l(w) = -w**3 - 27*w**2 - 5*w + 23. Let q(y) = 2*l(y) - 9*n(y). List the prime factors of q(v).
2, 67
Let p be 859/(-5 - (-2 - (-40)/(-12))). Let r = -1554 + p. What are the prime factors of r?
3, 11, 31
Let v be ((-2)/6)/(2/4)*6. What are the prime factors of (v + 2)*(-622)/4?
311
What are the prime factors of 53/8 - (-192)/512 - -669*25?
2, 47, 89
Let r = 1884 - -626. Suppose -11*x = -r - 3045. List the prime factors of x.
5, 101
Suppose 4*w = 0, -5*z - 76 = -5*w - 856. Suppose 14*u - u - z = 0. Suppose 6*o + 672 = u*o. What are the prime factors of o?
2, 7
Let r(z) = -z**3 - 47*z**2 - 135*z - 137. Let i be r(-44). Suppose -j + 49 = 2*c - 39, -2*j = 3*c - 171. Let y = j - i. List the prime factors of y.
83
Let b = -136 + 291. Suppose 15 = -b*h + 160*h. Suppose 3*z - 307 = -z - 5*m, -4*z - h*m = -301. What are the prime factors of z?
73
Suppose 2*v - 2*v + 3*v = 0. Suppose -243*y + 245*y = 4. Suppose x = z + y*z - 197, -2*z - x + 133 = v. List the prime factors of z.
2, 3, 11
Suppose 4*y = 4*c + 52392, 271*y - 275*y + 52401 = 5*c. List the prime factors of y.
13099
Suppose 15202836 = 162*d + 106*d. List the prime factors of d.
3, 11, 191
Let l = -34 - -19. Let j(o) = o**2 + 17*o + 31. Let m be j(l). List the prime factors of 2 + 40 + (-4)/m.
2, 19
Let n(k) = -k**3 - 16*k**2 - 28*k + 7. Let r be n(-14). Let s = 33 - 21. Suppose 3*x + 323 = 4*b, -3*b = r*x - s*x - 256. List the prime factors of b.
7, 11
Let k(y) = 12*y**3 + 4*y**2 + 20*y + 24. Let h be k(-9). What are the prime factors of h/117*3/(-1)?
2, 5, 11
Suppose -15*b = -5*a - 11*b - 4729, 2*b = 4*a + 3782. Let m = -760 - a. List the prime factors of m.
5, 37
Let m = -2350 + 1326. Let s = m + 1484. List the prime factors of s.
2, 5, 23
Let x(r) = 440*r**2 - 704*r - 3. List the prime factors of x(-3).
3, 7, 17
Suppose -3*w = r - 9 - 68, 3*w = r + 67. Let l be 0/2 + w/2. What are the prime factors of l/(-2 + (-70)/(-32))?
2
Let c(j) = 3*j**2 + 22*j + 1. Let d be c(-9). Suppose -3*u - f + 96 = f, u - 4*f = d. Suppose -i + u + 119 = 2*r, -4*i + 628 = 4*r. List the prime factors of i.
7, 23
Suppose k + 4*s - 25 = 0, 10 = 19*k - 14*k - 3*s. Suppose 377 = 2*o + k*b - 735, -569 = -o + 4*b. What are the prime factors of o?
3, 11, 17
Suppose 15568 = 2*r - 5*k - 58632, 111287 = 3*r - k. What are the prime factors of r?
3, 5, 2473
Suppose 0 = -126*g + 16*g + 377410. List the prime factors of g.
47, 73
Suppose 25*f = 31*f - 3366. Suppose -j - 3*u + 291 = -0*j, -u - f = -2*j. What are the prime factors of j?
2, 3, 47
Let i(d) = -190*d**3 - 13*d + 2*d**2 - 274*d**3 + 13*d - 2 - d. List the prime factors of i(-1).
3, 5, 31
Let d(m) = -14*m + 24 + 3*m - 4*m. Let l(h) = h**3 + h**2 - 4. Let f be l(0). List the prime factors of d(f).
2, 3, 7
List the prime factors of (2/((-12)/(-9)))/(7/((-708666)/(-9))).
47, 359
Let v = 1126 - -204. List the prime factors of v.
2, 5, 7, 19
Suppose 1 = -w, -2*w = -3*p - 0*w + 1307. Let o = p - 88. What are the prime factors of o?
347
Suppose 0 = -2*s - 2*k + 79183 - 20979, 4*s - 4*k - 116360 = 0. List the prime factors of s.
2, 3637
List the prime factors of 4/(-36) + -2 + 104116/36.
2, 5, 17
Let h(b) = 13907*b + 417. List the prime factors of h(2).
7, 37, 109
List the prime factors of (-3984630)/(-748) + (-1)/22.
7, 761
What are the prime factors of (-7)/21*(5 + -101222) - -4?
41, 823
Suppose 13462 + 12015 = 3*v - n, -2*n - 16986 = -2*v. List the prime factors of v.
2, 11, 193
Let a = -127 - -74. Let b = 144 + a. What are